 Calculate the remainder when u(-2) is divided by 10.
7
Suppose 51 + 44 = 5*p. Let y = 35 + 21. What is the remainder when y is divided by p?
18
Let f(s) = -s**2 + 5*s + 5. Let h be f(5). Suppose l - 5*o - h = 8, -3*l + 7 = o. Suppose 0 = -l*m - 0*m + 27. What is the remainder when m is divided by 5?
4
Let j = 30 - 7. What is the remainder when 90 is divided by j?
21
Suppose 3*f - 80 = f. Let n = f - 25. Calculate the remainder when n is divided by 8.
7
Let s(u) = -u**3 + 22*u**2 + 3*u - 38. What is the remainder when 164 is divided by s(22)?
24
What is the remainder when ((-10)/(-4))/((8/(-4))/(-68)) is divided by 8?
5
Suppose 5*u = 5 + 115. Suppose 4*a - 40 = u. What is the remainder when a is divided by 9?
7
Suppose r + 52 = -6. Let m = -35 - r. What is the remainder when m is divided by 6?
5
What is the remainder when (2 - 9)*(-18)/7 is divided by 5?
3
Let d = 9 - 4. Suppose d*k - 4 = 3*k. Let s(p) = -4*p - 9. Calculate the remainder when s(-3) is divided by k.
1
Let y be (9/6)/(2/8). Suppose y*u - 4*t = 3*u + 28, 0 = -u - 2*t + 16. Calculate the remainder when 21 is divided by u.
9
Let h = -122 + 169. Calculate the remainder when h is divided by 5.
2
Let x(j) = -j**2 - j + 56. Let n be x(0). Suppose n + 12 = 4*f. Calculate the remainder when 33 is divided by f.
16
Suppose 0 = -2*s - s + 9. Suppose -a - l - 15 = -3*a, 4*a - s*l - 33 = 0. What is the remainder when 16 is divided by a?
4
Let w(u) = 3*u - 44. Let r = -4 - -17. Calculate the remainder when w(23) is divided by r.
12
Suppose -42 = -2*o - 2*d, -5*d + 71 = 4*o - 18. What is the remainder when o is divided by (-6)/(8/12*-1)?
7
Suppose 2*w + 142 = 6*d - 4*d, -2*d = 3*w - 142. What is the remainder when d is divided by 25?
21
Let u(i) = 2*i**2 - 5*i + 4. Let k be u(3). What is the remainder when 10 is divided by (-14)/(-21)*(k + -1)?
2
Suppose 3*q + 2*p = 291, p + 291 = q + 2*q. Calculate the remainder when q is divided by 26.
19
Let z = -21 + 34. Let m(s) = -4*s**2 + 2*s + 7. Let b(k) = -3*k**2 + 2*k + 6. Let u(h) = 6*b(h) - 5*m(h). Calculate the remainder when u(-4) is divided by z.
12
Suppose 2*b + 4*r + 2 = 8, 0 = -b - 3*r. Calculate the remainder when 18 - (0 - -1)*1 is divided by b.
8
Let u = 50 + -35. Let y = -26 + u. Let a = 21 + y. What is the remainder when 19 is divided by a?
9
Suppose 31 = 3*z - 20. Calculate the remainder when z is divided by 65/7 - 4/14.
8
Let g(f) = -15*f + 1. Let x(v) = -23*v + 2. Let z(b) = -8*g(b) + 5*x(b). Suppose 0*i = -i + 5. What is the remainder when z(i) is divided by 10?
7
Let h(l) = 2*l**2 - 5*l + 2. Let r = -7 + 11. Let g = -129 - -137. Calculate the remainder when h(r) is divided by g.
6
Let d(w) = 21*w**3 - w + 1. Let b be (-1)/2*4/(-2). Calculate the remainder when 40 is divided by d(b).
19
Let o(s) = -s**3 - 10*s**2 - 12*s - 13. What is the remainder when 53 is divided by o(-9)?
11
Let n(u) = 16*u**2 - u. Suppose 0 = 4*t - 2*t - 2. What is the remainder when 29 is divided by n(t)?
14
Let n(u) = -2*u - 2. Suppose 4*j + 6*k - k = -23, 0 = -2*j - k - 7. Let w be n(j). Suppose -w*i + 25 - 7 = 0. Calculate the remainder when 17 is divided by i.
8
Suppose 18*l = 31*l - 624. Calculate the remainder when 333 is divided by l.
45
Suppose -21 = 5*d - 231. Let n = d - 17. Suppose 0 = -2*r - 3*h + n, 5*r + 3*h - 75 = 8*h. Calculate the remainder when r is divided by 8.
6
Suppose d - 33 = -3*g - g, -g = 5*d - 184. Suppose -2*f + 4 = b, 4*b - d = f - 2*f. What is the remainder when b is divided by 6?
4
Let p be (-9)/(-6)*20/6. Suppose n = -5*a - 44, 4*a + 58 + 246 = -p*n. Let q = n - -89. Calculate the remainder when q is divided by 13.
12
Let n = -36 - -61. Suppose 5*y + 39 = -5*f + 2*f, 5*f = 5*y - n. Let z = f - -17. What is the remainder when 26 is divided by z?
8
Let h = -39 - -58. What is the remainder when h is divided by 11?
8
Suppose 231 = a - 124. What is the remainder when (-2)/10 + a/25 is divided by 8?
6
Suppose -2*n + 2*p - 208 = n, -3*n = 2*p + 212. Let s = 8 - n. Suppose 4*i = i + s. Calculate the remainder when i is divided by 9.
8
Let z(r) = -4*r + 19. Calculate the remainder when z(-7) is divided by 24.
23
Suppose j - 6*j = -5*a - 30, -3*j - 3*a + 42 = 0. Calculate the remainder when 39 is divided by j.
9
Suppose -48 = -5*a + 7. Suppose 94 = -0*i + 2*i. Suppose -2*k - 4*g - 77 = -5*k, -i = -k - 4*g. What is the remainder when k is divided by a?
9
Suppose -2*d = 3*n - 12, -3 = -n - d - 0*d. What is the remainder when 17 is divided by n?
5
Let j(c) = -c**3 + 6*c**2 + 4*c - 6. Let g(o) = -o**3 - 9*o**2 - 2*o - 4. Let t be g(-9). Calculate the remainder when j(6) is divided by 136/14 + 4/t.
8
Calculate the remainder when 47 is divided by (-1 + -2)*(-144)/27.
15
Calculate the remainder when ((-2)/7)/(2/(-182)) is divided by 8.
2
Let z = 63 - 45. Let f = 20 + z. What is the remainder when f is divided by 13?
12
Let y(v) = -3*v + 8. Let x be y(9). Calculate the remainder when 35 is divided by x*(-2 + (3 - 2)).
16
Suppose 5*z - 45 + 20 = 0. Calculate the remainder when 11 is divided by z.
1
Let m be 0 + 5 - 0/(-2). Suppose m*g = g. Suppose g = -5*h + 17 + 58. What is the remainder when 44 is divided by h?
14
Let y(a) = -a**2 + 8*a - 7. Let g(d) = d**2 - 4. Let l be g(-3). What is the remainder when 23 is divided by y(l)?
7
Suppose 3 = -3*u + 9. Suppose -o + v + 28 = 0, o - 2*v = -u*o + 81. What is the remainder when 73 is divided by o?
23
Let u be 0 + (-2 - -4 - -13). Let g be (1 - -1)*(u + -1). Let a = 48 - g. What is the remainder when a is divided by 11?
9
Let f = 283 - 140. Suppose -3*l = -2*g + 174 - 47, -3*g - 5*l = -f. What is the remainder when g is divided by 19?
18
Suppose 2*d + 51 = 5*d. What is the remainder when -2 + -2 + 1 + 36 is divided by d?
16
Let s = 16 + -15. What is the remainder when 8 is divided by -4*(s + 6/(-3))?
0
Suppose s = -0 + 2. Let n(j) = 2*j**2 + 2*j - 3. Calculate the remainder when n(s) is divided by (-1 - 0) + (-2 - -8).
4
Let m(s) = s + 3. Let a be m(-3). Let i = -1 - a. Calculate the remainder when 15 is divided by 0 + i*(-1 + -7).
7
Let s(d) = 2*d - 3. What is the remainder when s(8) is divided by 3?
1
Suppose 6*h = 3*h + 72. What is the remainder when 14 is divided by (h/9)/(2/3)?
2
Let c = -3 - -25. What is the remainder when c is divided by 6?
4
Let r(s) = -s**3 + 6*s**2 - 3*s + 1. Let u = -44 - -16. Let t = u + 59. Calculate the remainder when t is divided by r(2).
9
Suppose -2*q + 196 = 2*p, 2*q - 5*p = -0*q + 217. What is the remainder when q is divided by 2*2*(-13)/(-2)?
23
Let r(g) = -g**3 - 8*g**2 - g - 8. Let f be r(-8). Suppose f*n - 36 = -2*n. Let i = -1 - -53. Calculate the remainder when i is divided by n.
16
Let j(d) = d**3 + 8*d**2 + 5*d + 1. What is the remainder when j(-6) is divided by (-58)/(-4) - (-3)/6?
13
Let c = -27 + -13. Let o = c + 70. Calculate the remainder when 58 is divided by o.
28
Suppose -h + 3 = -3*p, h + 4 = -4*p - 4*h. Calculate the remainder when p/(-2) + 115/2 is divided by 20.
18
Let o(c) = 6*c - 1. Let q = 3 + 2. Suppose 5*f = 3*n + 46, 0 = q*f - 4*n + 18 - 66. Calculate the remainder when f is divided by o(1).
3
What is the remainder when (2 + -6)/4 + 64 is divided by 16?
15
Suppose -110 = -5*v + 3*v. Calculate the remainder when v is divided by 19.
17
Let v = 16 + -6. Let i be ((-30)/25)/((-2)/5). Calculate the remainder when (-6)/(6/i)*-6 is divided by v.
8
Let o(w) = -4*w - 1. Let i be o(-1). Suppose i*p + 7 = x + 2, x - p = 5. Suppose -x*r = -0*r - 185. What is the remainder when r is divided by 10?
7
Suppose -3*w = -0*w - 21. Suppose -5*x - 17 = 3*j, 3*x = j + 2*j + 9. Let n = j - -23. Calculate the remainder when n is divided by w.
5
Suppose 2*h = -2*y + 62, 0 = y - 1 + 5. What is the remainder when h is divided by 12?
11
Suppose -47*g + 46*g = -34. Calculate the remainder when 64 is divided by g.
30
Suppose -5*l = -y + 141, 3*y - 3*l - 436 - 35 = 0. Suppose -124 = -5*i + y. Calculate the remainder when i is divided by 12.
9
Suppose -5*j - 34 = -2*u, 3*u - 51 = -0*j - 2*j. Calculate the remainder when 48 is divided by u.
14
What is the remainder when 33/(-44)*144/(-2) is divided by 28?
26
Suppose -d + 81 - 26 = 0. Calculate the remainder when d is divided by 15.
10
Calculate the remainder when 26 is divided by 315/84*((1 - 3) + 6).
11
Let t = 4 - -8.